{"id":99,"date":"2011-01-03T21:38:47","date_gmt":"2011-01-03T20:38:47","guid":{"rendered":"http:\/\/www.kay-meyer-kolumbe.de\/wordpress\/?page_id=99"},"modified":"2011-01-24T21:21:30","modified_gmt":"2011-01-24T20:21:30","slug":"uber-die-bilder","status":"publish","type":"page","link":"http:\/\/www.kay-meyer-kolumbe.de\/wordpress\/?page_id=99","title":{"rendered":"\u00dcber die Bilder"},"content":{"rendered":"<p style=\"margin-top:20px;\">\nIn der Auseinandersetzung mit menschlichen Einzelschicksalen vermittelt Kay-Daniel Meyer-Kolumbe in seinen <a href=\"http:\/\/www.kay-meyer-kolumbe.de\/wordpress\/?p=133\" target=\"_self\">fig\u00fcrlichen Darstellungen<\/a> Sensibilit\u00e4t, oft auch Trauer, jedoch keine Hoffnungslosigkeit oder aber Resignation.<\/p>\n<p>Kraft und Verwurzelung in der Gegenwart vermitteln seine Arbeiten <a href=\"http:\/\/www.kay-meyer-kolumbe.de\/wordpress\/?p=1\" target=\"_self\">B\u00e4ume<\/a>, <a href=\"http:\/\/www.kay-meyer-kolumbe.de\/wordpress\/?p=59\" target=\"_self\">K\u00fcstenlandschaften<\/a> stehen f\u00fcr eine innere Ruhe und Gelassenheit.<\/p>\n<p>Der <a href=\"http:\/\/www.kay-meyer-kolumbe.de\/wordpress\/?p=47\" target=\"_self\">Hamburger Hafen<\/a> in seiner Gr\u00f6\u00dfe und Betriebsamkeit hat Kay-Daniel Meyer-Kolumbe seit seinen Kindertagen immer wieder angezogen und fasziniert. Die Bilder, die hier entstanden sind vermitteln Energie und Dynamik, alles ist in Bewegung. Die wechselnde Farbigkeit und die kraftvolle D\u00fcsternis dieser Bilder sind \u2013 vielleicht \u2013 ein Markenzeichen dieser Stadt.<\/p>\n<p><a href=\"http:\/\/www.kay-meyer-kolumbe.de\/wordpress\/?p=166\" target=\"_self\">Hamburgs Br\u00fccken<\/a>, <a href=\"http:\/\/www.kay-meyer-kolumbe.de\/wordpress\/?p=59\" target=\"_self\">Boote<\/a> und alte H\u00e4user haben f\u00fcr Kay-Daniel\u00a0 Meyer-Kolumbe eine stets wiederkehrende Anziehungskarft, sie in den wechselnden Lichtverh\u00e4ltnissen darzustellen.<\/p>\n<p>Das Leben als Mehrfachbehinderter ist f\u00fcr Kay-Daniel Meyer-Kolumbe eine st\u00e4ndige Herausforderung verbunden mit einer positiven Einstellung nach st\u00e4ndiger Normalit\u00e4t f\u00fcr den Lebensalltag. Diese Lebenseinstellung vermittelt er auch seinem Umfeld mit der Erwartung, als gleichberechtigter Partner wahrgenommen und akzeptiert zu werden.<\/p>\n","protected":false},"excerpt":{"rendered":"<p>In der Auseinandersetzung mit menschlichen Einzelschicksalen vermittelt Kay-Daniel Meyer-Kolumbe in seinen fig\u00fcrlichen Darstellungen Sensibilit\u00e4t, oft auch Trauer, jedoch keine Hoffnungslosigkeit oder aber Resignation. Kraft und [&hellip;]<\/p>\n","protected":false},"author":1,"featured_media":0,"parent":0,"menu_order":0,"comment_status":"closed","ping_status":"closed","template":"","meta":{"footnotes":""},"class_list":["post-99","page","type-page","status-publish","hentry"],"_links":{"self":[{"href":"http:\/\/www.kay-meyer-kolumbe.de\/wordpress\/index.php?rest_route=\/wp\/v2\/pages\/99","targetHints":{"allow":["GET"]}}],"collection":[{"href":"http:\/\/www.kay-meyer-kolumbe.de\/wordpress\/index.php?rest_route=\/wp\/v2\/pages"}],"about":[{"href":"http:\/\/www.kay-meyer-kolumbe.de\/wordpress\/index.php?rest_route=\/wp\/v2\/types\/page"}],"author":[{"embeddable":true,"href":"http:\/\/www.kay-meyer-kolumbe.de\/wordpress\/index.php?rest_route=\/wp\/v2\/users\/1"}],"replies":[{"embeddable":true,"href":"http:\/\/www.kay-meyer-kolumbe.de\/wordpress\/index.php?rest_route=%2Fwp%2Fv2%2Fcomments&post=99"}],"version-history":[{"count":13,"href":"http:\/\/www.kay-meyer-kolumbe.de\/wordpress\/index.php?rest_route=\/wp\/v2\/pages\/99\/revisions"}],"predecessor-version":[{"id":290,"href":"http:\/\/www.kay-meyer-kolumbe.de\/wordpress\/index.php?rest_route=\/wp\/v2\/pages\/99\/revisions\/290"}],"wp:attachment":[{"href":"http:\/\/www.kay-meyer-kolumbe.de\/wordpress\/index.php?rest_route=%2Fwp%2Fv2%2Fmedia&parent=99"}],"curies":[{"name":"wp","href":"https:\/\/api.w.org\/{rel}","templated":true}]}}